ts digit of 4/8*97*2?
7
Let y be -17 + (-1)/1*1. Let x = 0 - y. What is the tens digit of x?
1
Suppose -n + 2*g = 2, -3*n + 4*g = 2*n - 8. Suppose -n*r + 24 = -r. What is the units digit of r?
8
Let c(r) = 10*r**2 - r + 1. Let j be c(1). What is the units digit of 4/j - (-264)/15?
8
Suppose 0 = 4*y + 4, 0 = -0*s + 5*s + 2*y - 93. Let n = 39 - 12. Let k = n - s. What is the units digit of k?
8
Suppose 5*s = -3*b, 0*s = -3*s - 4*b. Suppose -2*q + j + 2 = -5, q + 4*j - 26 = s. What is the units digit of q?
6
Let n = 14 + 11. Suppose 0 = 3*f - 5*t - 72, 3*f - 100 + n = 4*t. What is the tens digit of f?
2
Suppose 9 = -2*n + 5*n + 3*c, 3*n + 5*c - 1 = 0. Let i = 3 - n. Let d = i + 8. What is the units digit of d?
4
Let m be ((-45)/(-10))/((-3)/(-114)). Suppose 6*x - m = 69. What is the units digit of x?
0
Let s(m) = m**3 + 5*m**2 - m + 5. Suppose i = 2*i + 5. Let r be s(i). What is the units digit of (-1)/(1/r*-1)?
0
Let n = 315 - 120. What is the units digit of n?
5
Suppose 3 = -5*j + 2*v, 12 = v + 2*v. Let l = 4 - j. Suppose -3*y + 5*s = -l, -2*y + 6 = s - 9. What is the units digit of y?
6
Let a = 3 + -6. Let x(o) = -o**3 - 2*o**2 + 4*o + 4. What is the units digit of x(a)?
1
Let k(v) = -v**3 + 3*v**2 + 6*v - 2. Let h(g) = g**3 - 6*g**2 + 7*g - 6. Suppose 2*c - 10 = -0. Let o be h(c). What is the units digit of k(o)?
6
Let k be -2 + 0 - 6*-3. Suppose 5*f + 9 = -k. Let a = 8 + f. What is the units digit of a?
3
Suppose -m = 3*m + 336. What is the units digit of (1/2)/((-1)/m)?
2
Let s(k) = -k - 2. Let u = -8 + 1. What is the units digit of s(u)?
5
Let p be (-4)/4 - (-5 - -3). What is the units digit of (1 - (2 + -3))*p?
2
Suppose 5*a = 5*g + 270, 3*g - 3 - 55 = -a. What is the tens digit of a?
5
Let i be 28*(3 + 21/(-6)). What is the units digit of (-273)/i*2/1?
9
Let l(r) = -r**3 - 5*r**2 + 5*r - 5. Let a be l(-6). Let m be -2*(-1 + a/2). What is the units digit of (0 - 10*m)/(-2)?
5
What is the units digit of (-18)/(-1)*((-96)/(-18))/8?
2
Suppose c = -3 + 1, 0 = 3*n - c + 1. Let p = 3 + n. What is the units digit of p?
2
Suppose 0 = 5*f + 10, -3*f = o - 5*f - 7. Let k(b) = -o - 2*b + b**2 + 7*b - b. What is the units digit of k(-5)?
2
Let u(k) = -k**3 + 6*k**2 - 3*k - 6. Let r be u(5). Suppose -r*n + 30 = -2*n. What is the units digit of n?
5
Let k(i) = -i**3 - 5*i**2 - 3*i + 5. What is the tens digit of k(-5)?
2
Let j(v) = v**3 + 8*v**2 + 12*v + 8. What is the units digit of j(-6)?
8
What is the tens digit of -1 - (-1 - 2) - (-792)/8?
0
Let p(v) = v + 13. Let j be p(-7). What is the units digit of ((-814)/(-33))/(4/j)?
7
Let q(y) = 3*y**2 - 2*y + 3. What is the tens digit of q(2)?
1
Let b be 3/((-9)/(-15)) + -2. Suppose x - 4*t = 27, 2*x - b*x + 19 = -2*t. What is the units digit of x?
1
Let c(g) = g - 4. Let p be c(6). Suppose 8 = p*n - 4. What is the units digit of n?
6
Let m be 538/4 + (-2)/(-4). Suppose l + 2 = 4*p + 32, -5*p = -5*l + m. Suppose 0 = 3*h - 0*h + 2*v - l, -h + v + 7 = 0. What is the units digit of h?
8
Let i = -51 - -63. What is the units digit of i?
2
Suppose -4*x - q + 5 = -x, -3*x + 4*q = -10. Suppose -104 = -x*w - 30. What is the tens digit of w?
3
Let w(i) = 3*i**2 - 2*i - 2. Let o be w(2). Let v = 17 - o. Let j = v + -9. What is the units digit of j?
2
Suppose 6*s - 5*m + 26 = 3*s, -5*m = -20. What is the units digit of (s/(-4))/(4/48)?
6
Let a(y) = -y**3 + 6*y**2 - y + 6. Let z be a(6). Suppose q + 56 = k, 3*k + z*k = -3*q - 144. What is the units digit of (-10)/(-45) - q/9?
6
Suppose -25 = 8*x - 3*x. Let d = -1 - x. What is the units digit of d?
4
Suppose 0 = -m - f + 72, m + 3*f = f + 77. Let y = -48 + m. What is the units digit of y?
9
Let b be (-2)/((-2)/(-5)) + 0. Suppose -3*z + 20 + 7 = 0. Let q = z + b. What is the units digit of q?
4
Let c be 7 + (-2 - 0) + 0. Suppose 6*g + 5*h - 28 = 3*g, -4*g - c*h + 29 = 0. Suppose -g = 4*z - 9. What is the units digit of z?
2
Suppose -8*n = -3*n - 125. What is the units digit of n?
5
Let o(l) = 3*l**2 + 3*l + 7. What is the units digit of o(-4)?
3
What is the units digit of 4/18 - (-237)/27?
9
Let a(p) = 3*p**2 + 4*p + 2. Let m be a(-2). Suppose 3*s = 15 - m. What is the units digit of s?
3
Let a(z) = 5*z**2 - 9*z. What is the hundreds digit of a(6)?
1
Let s(c) = 2*c - c + 1 + 2. Let f = -12 + 12. What is the units digit of s(f)?
3
What is the tens digit of (-20)/1*(-5 + 3)?
4
Let b be 92/24 + (-2)/(-12). Suppose -2*t - 7 = -3*v, t - v - 3 + b = 0. Suppose 2*s - t*s + 8 = 0. What is the units digit of s?
4
Suppose 3*g - m - 155 = -2*g, -2*g + 62 = -5*m. What is the units digit of g?
1
Let d be (11 + 0 + -1)/1. What is the units digit of ((-12)/(-10))/(4/d)?
3
Let u(z) = z**2 + z + 22. Let w(k) = k - 13. Let m be w(13). What is the tens digit of u(m)?
2
Let p(f) = 2*f + 4. Suppose 0 = -5*g + 4*h + 1 + 2, 4*g - 3*h = 3. Let z be p(g). Suppose 0*d - 2 = d, 2*t + d = z. What is the units digit of t?
6
Suppose 0 = 5*w - 5*o + 10, 0 = -w - 3*o - 0 + 2. Let f be 4/12*(1 + w). Let v = f + 9. What is the units digit of v?
9
Let q(c) = c + 28. What is the tens digit of q(0)?
2
Let c be 3 + -4 - -5*1. Suppose -3*p = -2*n - 2*p + 22, 4*n = c*p + 36. Suppose t + 1 = 0, 4*l - n = 2*l + 3*t. What is the units digit of l?
5
Let f = 5 - -3. What is the units digit of f?
8
Suppose 2*d = 31 + 51. What is the units digit of d?
1
Let t = 20 + -17. Suppose t*l = 7*l - 180. What is the units digit of l?
5
Suppose 0 = -3*a + 4*a - 1. Suppose -6 = -q - a. Suppose -4*t = t + 4*f - q, -f + 3 = 3*t. What is the units digit of t?
1
Let j(w) = w**2 - 5*w - 7. Let r be j(8). Suppose -4*l = -3*l - r. What is the tens digit of l?
1
What is the tens digit of 21/(-14)*40/(-6)?
1
Suppose 2*s + 452 = 7*r - 3*r, -r + 118 = -3*s. What is the units digit of r/6 + (-2)/(-6)?
9
Suppose c - 5*c = k - 566, -3*c + 5*k + 436 = 0. What is the hundreds digit of c?
1
Let l = 18 - 4. What is the units digit of l?
4
Suppose -s + 0*s + 7 = 3*c, -c - 4*s = -6. Suppose -2*v = 2*v + 2*b + 6, 5*v + 12 = c*b. What is the tens digit of (4/(-2))/(v/10)?
1
Let b(c) = c**2 - 2*c - 3. Let o be b(-3). Suppose o + 0 = -3*p. What is the units digit of (-108)/(-14) - p/14?
8
Let a(n) be the second derivative of n**5/20 - n**4/12 + 35*n**2/2 + 4*n. What is the units digit of a(0)?
5
Let g(p) = 9*p + 4. Let x(f) = -f - 1. Let c(b) = 2*g(b) + 14*x(b). What is the tens digit of c(5)?
1
Suppose 3*n + 238 = 2*q - 215, 5*n + 443 = 2*q. What is the hundreds digit of q?
2
Suppose 19*w = -2497 + 6449. What is the tens digit of w?
0
Let l(g) = -g**2 + 36*g - 56. What is the hundreds digit of l(23)?
2
Let z(u) = 2*u**3 + u**2 - 3*u + 1. Let m be z(1). What is the units digit of (-1)/(m - 27/24)?
8
Let x(n) = -n**3 + 0 + 0*n + 7*n**2 + n + 1. Let z(o) = -o**2 + 6*o + 2. Let v be z(5). What is the units digit of x(v)?
8
Suppose -45 = n - 0*f + 5*f, 3*n - 3*f = -45. Let c = n - -32. Let o = 17 - c. What is the units digit of o?
5
Let g = -66 - -122. Suppose 0 = 3*y + 5*f - 18, -f + g = 4*y + 15. What is the tens digit of y?
1
Suppose -f - 5*d + 3 = 10, -3*f - 3*d + 3 = 0. Suppose -3*t - 2*c = -4*c + 10, -8 = t - f*c. Let n = 0 - t. What is the units digit of n?
2
Suppose 8 = 2*o + g - 4*g, 0 = 5*o + 3*g + 1. Suppose -2*l - 3 = 4*k + o, -2*k + 22 = -3*l. What is the units digit of l/7*(-16 + 2)?
2
What is the units digit of (-54)/(-12)*12/27?
2
Let t(c) = c**2 + 9*c - 16. What is the hundreds digit of t(12)?
2
Let s(u) = -2*u - 4. Suppose 0*z = 3*z - 120. Suppose -3*c - z = -5*l, 0 = -3*c - 2*l + l - 28. What is the units digit of s(c)?
6
What is the units digit of (-2519)/(-77) - 4/(-14)?
3
Let o = 61 - 40. What is the units digit of o?
1
Let t(s) = -s**3 + 3*s + 3*s + 4 - 5*s - 5 + s**2. Let n be t(2). What is the units digit of 1 + 1 + (11 - n)?
6
Let x = 8 + -5. Let s(g) = 11*g + 2 + x*g - 12*g. What is the units digit of s(8)?
8
Let v(k) = 9*k - 11. What is the tens digit of v(4)?
2
Suppose 0 = -5*l - 4*g + 70, -2*l + 7*l + g = 55. What is the tens digit of l?
1
Let p(l) = 6*l**3 - 2*l**2 - l. Let b be p(-1). Let a = 18 - 3. Let v = a + b. What is the units digit of v?
8
Suppose 0*x - 5*l + 110 = x, 4*x - 398 = l. What is the units digit of x?
0
Let u(q) = 77*q - 4. What is the units digit of u(3)?
7
Let l(r) = -r**3 + 8*r**2 - 5*r - 6. What is